{"id":359,"date":"2025-01-19T19:14:55","date_gmt":"2025-01-19T19:14:55","guid":{"rendered":"https:\/\/loucuradigital.com\/?page_id=359"},"modified":"2025-03-05T21:08:18","modified_gmt":"2025-03-05T21:08:18","slug":"a-historia-da-internet-uma-viagem-divertida-pelo-mundo-digital","status":"publish","type":"page","link":"https:\/\/loucuradigital.com\/?page_id=359","title":{"rendered":"Como a Internet Mudou a Nossa Vida Para Sempre: Uma Viagem Divertida pelo Mundo Digital"},"content":{"rendered":"\n<figure class=\"wp-block-embed is-type-video is-provider-youtube wp-block-embed-youtube wp-embed-aspect-16-9 wp-has-aspect-ratio\"><div class=\"wp-block-embed__wrapper\">\n<iframe title=\"Como a Internet Mudou a Nossa Vida Para Sempre: Uma Viagem Divertida pelo Mundo Digital\" width=\"640\" height=\"360\" src=\"https:\/\/www.youtube.com\/embed\/jHEoXlbVt-c?feature=oembed\" frameborder=\"0\" allow=\"accelerometer; autoplay; clipboard-write; encrypted-media; gyroscope; picture-in-picture; web-share\" referrerpolicy=\"strict-origin-when-cross-origin\" allowfullscreen><\/iframe>\n<\/div><\/figure>\n\n\n\n<p>Imagine que a internet \u00e9 como um enorme bolo de anivers\u00e1rio. Hoje, ela est\u00e1 recheada de sabores incr\u00edveis, com aplicativos, v\u00eddeos, memes e tudo mais. Mas, como qualquer bolo, ela come\u00e7ou com uma receita bem simples e foi evoluindo ao longo do tempo. Vamos dar uma olhada nesse &#8220;passo a passo&#8221; da cria\u00e7\u00e3o da internet, sem complica\u00e7\u00f5es e com pitadas de humor!<\/p>\n\n\n\n<hr class=\"wp-block-separator has-alpha-channel-opacity\"\/>\n\n\n\n<h3 class=\"wp-block-heading\"><strong>Primeiro Passo: O Embri\u00e3o da Internet<\/strong><\/h3>\n\n\n\n<figure class=\"wp-block-image size-large is-resized\"><img fetchpriority=\"high\" decoding=\"async\" width=\"1024\" height=\"683\" src=\"https:\/\/loucuradigital.com\/wp-content\/uploads\/2025\/01\/20190809eniac-women-programmers-ester-gerston-gloria-gordon-1024x683.jpg\" alt=\"\" class=\"wp-image-361\" style=\"width:600px\" srcset=\"https:\/\/loucuradigital.com\/wp-content\/uploads\/2025\/01\/20190809eniac-women-programmers-ester-gerston-gloria-gordon-1024x683.jpg 1024w, https:\/\/loucuradigital.com\/wp-content\/uploads\/2025\/01\/20190809eniac-women-programmers-ester-gerston-gloria-gordon-300x200.jpg 300w, https:\/\/loucuradigital.com\/wp-content\/uploads\/2025\/01\/20190809eniac-women-programmers-ester-gerston-gloria-gordon-768x512.jpg 768w, https:\/\/loucuradigital.com\/wp-content\/uploads\/2025\/01\/20190809eniac-women-programmers-ester-gerston-gloria-gordon-1536x1024.jpg 1536w, https:\/\/loucuradigital.com\/wp-content\/uploads\/2025\/01\/20190809eniac-women-programmers-ester-gerston-gloria-gordon.jpg 1920w\" sizes=\"(max-width: 1024px) 100vw, 1024px\" \/><\/figure>\n\n\n\n<p>L\u00e1 pelos anos 1960, os cientistas estavam pensando em como conectar computadores para trocar informa\u00e7\u00f5es. Naquela \u00e9poca, n\u00e3o existiam memes de gatos nem redes sociais. S\u00f3 havia aqueles computadores gigantes que ocupavam salas inteiras e pareciam mais tanques de guerra do que algo amig\u00e1vel.<\/p>\n\n\n\n<figure class=\"wp-block-image size-full\"><img decoding=\"async\" width=\"640\" height=\"342\" src=\"https:\/\/loucuradigital.com\/wp-content\/uploads\/2025\/01\/cbd8dbf1c3d95994c1bb4d3ec1ef85d5.jpg\" alt=\"\" class=\"wp-image-362\" srcset=\"https:\/\/loucuradigital.com\/wp-content\/uploads\/2025\/01\/cbd8dbf1c3d95994c1bb4d3ec1ef85d5.jpg 640w, https:\/\/loucuradigital.com\/wp-content\/uploads\/2025\/01\/cbd8dbf1c3d95994c1bb4d3ec1ef85d5-300x160.jpg 300w\" sizes=\"(max-width: 640px) 100vw, 640px\" \/><\/figure>\n\n\n\n<p>Ent\u00e3o, nasceu a <strong>ARPANET<\/strong>. Pense nela como o &#8220;primeiro prot\u00f3tipo&#8221; da internet. Era uma rede militar que permitia que os computadores conversassem. Nada de TikTok, s\u00f3 coisas s\u00e9rias como enviar mensagens entre cientistas. S\u00f3 que, olha s\u00f3, a primeira mensagem enviada foi t\u00e3o emocionante quanto uma mensagem de WhatsApp: &#8220;LO.&#8221; Eles queriam escrever &#8220;LOGIN,&#8221; mas o sistema caiu. Sim, o primeiro bug da internet nasceu a\u00ed.<\/p>\n\n\n\n<hr class=\"wp-block-separator has-alpha-channel-opacity\"\/>\n\n\n\n<h3 class=\"wp-block-heading\"><strong>D\u00e9cada de 70: Quando a Internet Ganhou L\u00edngua Pr\u00f3pria<\/strong><\/h3>\n\n\n\n<figure class=\"wp-block-image size-full is-resized\"><img decoding=\"async\" width=\"800\" height=\"800\" src=\"https:\/\/loucuradigital.com\/wp-content\/uploads\/2025\/01\/R.jpg\" alt=\"\" class=\"wp-image-363\" style=\"width:600px\" srcset=\"https:\/\/loucuradigital.com\/wp-content\/uploads\/2025\/01\/R.jpg 800w, https:\/\/loucuradigital.com\/wp-content\/uploads\/2025\/01\/R-300x300.jpg 300w, https:\/\/loucuradigital.com\/wp-content\/uploads\/2025\/01\/R-150x150.jpg 150w, https:\/\/loucuradigital.com\/wp-content\/uploads\/2025\/01\/R-768x768.jpg 768w\" sizes=\"(max-width: 800px) 100vw, 800px\" \/><\/figure>\n\n\n\n<p>Nos anos 1970, dois caras brilhantes, Vint Cerf e Bob Kahn, inventaram o <strong>TCP\/IP<\/strong>. \u00c9 o que permite que os computadores conversem at\u00e9 hoje. Pense neles como os professores de idiomas da internet, criando um idioma universal para que todos os dispositivos pudessem &#8220;bater papo.&#8221;<\/p>\n\n\n\n<p>\u00c9 tamb\u00e9m nessa \u00e9poca que surgiram os primeiros e-mails. Acredite ou n\u00e3o, as pessoas come\u00e7aram a enviar mensagens digitais. Claro, nada de emojis ou gifs engra\u00e7ados. Era tudo texto puro, mas, para a \u00e9poca, era praticamente magia.<\/p>\n\n\n\n<hr class=\"wp-block-separator has-alpha-channel-opacity\"\/>\n\n\n\n<h3 class=\"wp-block-heading\"><strong>D\u00e9cada de 80: O Beb\u00ea Internet Come\u00e7a a Engatinhar<\/strong><\/h3>\n\n\n\n<figure class=\"wp-block-image size-full is-resized\"><img loading=\"lazy\" decoding=\"async\" width=\"1013\" height=\"628\" src=\"https:\/\/loucuradigital.com\/wp-content\/uploads\/2025\/01\/1980s2.jpg\" alt=\"\" class=\"wp-image-364\" style=\"width:600px\" srcset=\"https:\/\/loucuradigital.com\/wp-content\/uploads\/2025\/01\/1980s2.jpg 1013w, https:\/\/loucuradigital.com\/wp-content\/uploads\/2025\/01\/1980s2-300x186.jpg 300w, https:\/\/loucuradigital.com\/wp-content\/uploads\/2025\/01\/1980s2-768x476.jpg 768w\" sizes=\"(max-width: 1013px) 100vw, 1013px\" \/><\/figure>\n\n\n\n<p>Nos anos 1980, a internet come\u00e7ou a sair do casulo militar e foi parar nas universidades. Foi quando nasceu a <strong>DNS<\/strong> (aquele sistema que transforma nomes bonitinhos como &#8220;google.com&#8221; em n\u00fameros confusos para os computadores entenderem). Antes disso, se voc\u00ea quisesse visitar um site (mesmo que ele fosse um texto cinza sem gra\u00e7a), tinha que digitar algo como 192.168.1.1. Um verdadeiro pesadelo.<\/p>\n\n\n\n<p>Foi tamb\u00e9m nessa d\u00e9cada que a internet come\u00e7ou a abrir as portas para o mundo. Agora, mais pessoas poderiam participar, mas a divers\u00e3o ainda estava longe.<\/p>\n\n\n\n<hr class=\"wp-block-separator has-alpha-channel-opacity\"\/>\n\n\n\n<h3 class=\"wp-block-heading\"><strong>D\u00e9cada de 90: O Big Bang da Internet<\/strong><\/h3>\n\n\n\n<figure class=\"wp-block-image size-large is-resized\"><img loading=\"lazy\" decoding=\"async\" width=\"1024\" height=\"538\" src=\"https:\/\/loucuradigital.com\/wp-content\/uploads\/2025\/01\/tim-berners-lee-1990_0_0.-large.1200x630-1024x538.jpg\" alt=\"\" class=\"wp-image-365\" style=\"width:600px\" srcset=\"https:\/\/loucuradigital.com\/wp-content\/uploads\/2025\/01\/tim-berners-lee-1990_0_0.-large.1200x630-1024x538.jpg 1024w, https:\/\/loucuradigital.com\/wp-content\/uploads\/2025\/01\/tim-berners-lee-1990_0_0.-large.1200x630-300x158.jpg 300w, https:\/\/loucuradigital.com\/wp-content\/uploads\/2025\/01\/tim-berners-lee-1990_0_0.-large.1200x630-768x403.jpg 768w, https:\/\/loucuradigital.com\/wp-content\/uploads\/2025\/01\/tim-berners-lee-1990_0_0.-large.1200x630.jpg 1200w\" sizes=\"(max-width: 1024px) 100vw, 1024px\" \/><figcaption class=\"wp-element-caption\">Tim Berners-Lee, pioneer of the World Wide Web, c 1990s.<\/figcaption><\/figure>\n\n\n\n<p>Ah, os anos 1990! A internet come\u00e7ou a ganhar cara e, digamos, um pouco mais de estilo. Tim Berners-Lee, um cientista brit\u00e2nico (e g\u00eanio), inventou a <strong>World Wide Web<\/strong>. Ele basicamente deu \u00e0 internet a &#8220;roupa&#8221; que usamos at\u00e9 hoje: p\u00e1ginas, links, imagens. Antes disso, a internet era s\u00f3 um monte de n\u00fameros e letras meio sem gra\u00e7a.<\/p>\n\n\n\n<p>Em 1993, surgiu o primeiro navegador amig\u00e1vel, o Mosaic. Foi como colocar \u00f3culos e, pela primeira vez, enxergar o potencial da internet. Ah, e foi nessa \u00e9poca que come\u00e7amos a ouvir aquele barulho maravilhoso da internet discada: <em>&#8220;tuuuu tuuu tuuuu crshhhhhhkkkkk.&#8221;<\/em> Sim, a internet fazia mais barulho que um liquidificador.<\/p>\n\n\n\n<hr class=\"wp-block-separator has-alpha-channel-opacity\"\/>\n\n\n\n<h3 class=\"wp-block-heading\"><strong>Anos 2000: A Era do &#8220;Orkut e Companhia&#8221;<\/strong><\/h3>\n\n\n\n<figure class=\"wp-block-image size-full is-resized\"><img loading=\"lazy\" decoding=\"async\" width=\"960\" height=\"524\" src=\"https:\/\/loucuradigital.com\/wp-content\/uploads\/2025\/01\/e654eaf97befc7b45c9432f50595902b-gpLarge.jpg\" alt=\"\" class=\"wp-image-366\" style=\"width:600px\" srcset=\"https:\/\/loucuradigital.com\/wp-content\/uploads\/2025\/01\/e654eaf97befc7b45c9432f50595902b-gpLarge.jpg 960w, https:\/\/loucuradigital.com\/wp-content\/uploads\/2025\/01\/e654eaf97befc7b45c9432f50595902b-gpLarge-300x164.jpg 300w, https:\/\/loucuradigital.com\/wp-content\/uploads\/2025\/01\/e654eaf97befc7b45c9432f50595902b-gpLarge-768x419.jpg 768w\" sizes=\"(max-width: 960px) 100vw, 960px\" \/><\/figure>\n\n\n\n<p>Chegamos ao novo mil\u00eanio, e a internet come\u00e7ou a virar a febre que conhecemos hoje. Surgiram sites como o Orkut (quem lembra das comunidades?), o YouTube (o lar dos v\u00eddeos de gatinhos) e, claro, as redes sociais.<\/p>\n\n\n\n<p>A conex\u00e3o ficou mais r\u00e1pida, e todo mundo queria estar online. Foi uma \u00e9poca de ouro, onde MSN Messenger dominava as conversas e a ideia de &#8220;fazer amizade virtual&#8221; parecia revolucion\u00e1ria.<\/p>\n\n\n\n<hr class=\"wp-block-separator has-alpha-channel-opacity\"\/>\n\n\n\n<h3 class=\"wp-block-heading\"><strong>Anos 2010: A Internet nos Bolsos<\/strong><\/h3>\n\n\n\n<figure class=\"wp-block-image size-full is-resized\"><img loading=\"lazy\" decoding=\"async\" width=\"700\" height=\"465\" src=\"https:\/\/loucuradigital.com\/wp-content\/uploads\/2025\/01\/Internet-No-Celular-2.webp\" alt=\"\" class=\"wp-image-368\" style=\"width:600px\" srcset=\"https:\/\/loucuradigital.com\/wp-content\/uploads\/2025\/01\/Internet-No-Celular-2.webp 700w, https:\/\/loucuradigital.com\/wp-content\/uploads\/2025\/01\/Internet-No-Celular-2-300x199.webp 300w\" sizes=\"(max-width: 700px) 100vw, 700px\" \/><\/figure>\n\n\n\n<p>Se nos anos 2000 a internet estava em casa, nos anos 2010 ela foi parar no bolso, com os smartphones. Agora, voc\u00ea podia acessar qualquer coisa a qualquer hora: pedir comida, assistir a s\u00e9ries, se perder no Google Maps&#8230; A internet ficou t\u00e3o essencial quanto escovar os dentes (se n\u00e3o mais, dependendo da pessoa).<\/p>\n\n\n\n<p>As redes sociais cresceram absurdamente, e os memes dominaram o mundo. O Facebook virou o novo Orkut, o Instagram transformou todo mundo em fot\u00f3grafo, e o WhatsApp eliminou os famosos &#8220;torpedos de SMS&#8221;.<\/p>\n\n\n\n<hr class=\"wp-block-separator has-alpha-channel-opacity\"\/>\n\n\n\n<h3 class=\"wp-block-heading\"><strong>Hoje: O Universo Digital<\/strong><\/h3>\n\n\n\n<figure class=\"wp-block-image size-full is-resized\"><img loading=\"lazy\" decoding=\"async\" width=\"660\" height=\"420\" src=\"https:\/\/loucuradigital.com\/wp-content\/uploads\/2025\/01\/20150525122812.jpg\" alt=\"\" class=\"wp-image-369\" style=\"width:600px\" srcset=\"https:\/\/loucuradigital.com\/wp-content\/uploads\/2025\/01\/20150525122812.jpg 660w, https:\/\/loucuradigital.com\/wp-content\/uploads\/2025\/01\/20150525122812-300x191.jpg 300w\" sizes=\"(max-width: 660px) 100vw, 660px\" \/><\/figure>\n\n\n\n<p>E, agora, estamos no futuro! A internet n\u00e3o s\u00f3 conecta pessoas, mas tamb\u00e9m coisas: carros, geladeiras, l\u00e2mpadas. \u00c9 o famoso <strong>Internet das Coisas<\/strong> (ou IoT, para os \u00edntimos).<\/p>\n\n\n\n<p>Tudo est\u00e1 na nuvem, e a intelig\u00eancia artificial ajuda desde a responder suas perguntas no Google at\u00e9 a recomendar o que assistir na Netflix. A internet virou uma extens\u00e3o do nosso dia a dia. E o melhor? Ela continua evoluindo.<\/p>\n\n\n\n<hr class=\"wp-block-separator has-alpha-channel-opacity\"\/>\n\n\n\n<h3 class=\"wp-block-heading\"><strong>Resumo Descontra\u00eddo<\/strong><\/h3>\n\n\n\n<p>A internet come\u00e7ou como um experimento militar e virou essa loucura cheia de memes, v\u00eddeos, jogos e redes sociais. \u00c9 como se ela tivesse passado de um beb\u00ea que s\u00f3 sabia engatinhar para um adulto multitarefa e cheio de energia.<\/p>\n\n\n\n<p>Ent\u00e3o, na pr\u00f3xima vez que voc\u00ea mandar um &#8220;bom dia&#8221; no grupo da fam\u00edlia ou assistir a um v\u00eddeo engra\u00e7ado de cachorro no TikTok, lembre-se: a internet tem uma hist\u00f3ria longa e cheia de altos e baixos, mas, no final das contas, ela est\u00e1 aqui para facilitar (e bagun\u00e7ar um pouco) nossas vidas!<\/p>\n\n\n\n<p><\/p>\n","protected":false},"excerpt":{"rendered":"<p>Imagine que a internet \u00e9 como um enorme bolo de anivers\u00e1rio. Hoje, ela est\u00e1 recheada<\/p>\n","protected":false},"author":1,"featured_media":360,"parent":0,"menu_order":0,"comment_status":"closed","ping_status":"closed","template":"","meta":{"postBodyCss":"","postBodyMargin":[],"postBodyPadding":[],"postBodyBackground":{"backgroundType":"classic","gradient":""},"footnotes":""},"class_list":["post-359","page","type-page","status-publish","has-post-thumbnail","hentry"],"jetpack_sharing_enabled":true,"_links":{"self":[{"href":"https:\/\/loucuradigital.com\/index.php?rest_route=\/wp\/v2\/pages\/359","targetHints":{"allow":["GET"]}}],"collection":[{"href":"https:\/\/loucuradigital.com\/index.php?rest_route=\/wp\/v2\/pages"}],"about":[{"href":"https:\/\/loucuradigital.com\/index.php?rest_route=\/wp\/v2\/types\/page"}],"author":[{"embeddable":true,"href":"https:\/\/loucuradigital.com\/index.php?rest_route=\/wp\/v2\/users\/1"}],"replies":[{"embeddable":true,"href":"https:\/\/loucuradigital.com\/index.php?rest_route=%2Fwp%2Fv2%2Fcomments&post=359"}],"version-history":[{"count":6,"href":"https:\/\/loucuradigital.com\/index.php?rest_route=\/wp\/v2\/pages\/359\/revisions"}],"predecessor-version":[{"id":552,"href":"https:\/\/loucuradigital.com\/index.php?rest_route=\/wp\/v2\/pages\/359\/revisions\/552"}],"wp:featuredmedia":[{"embeddable":true,"href":"https:\/\/loucuradigital.com\/index.php?rest_route=\/wp\/v2\/media\/360"}],"wp:attachment":[{"href":"https:\/\/loucuradigital.com\/index.php?rest_route=%2Fwp%2Fv2%2Fmedia&parent=359"}],"curies":[{"name":"wp","href":"https:\/\/api.w.org\/{rel}","templated":true}]}}